
{"id":749,"date":"2021-07-02T13:45:25","date_gmt":"2021-07-02T11:45:25","guid":{"rendered":"https:\/\/przedszkole41.edu.wroclaw.pl\/?page_id=749"},"modified":"2021-07-05T07:55:02","modified_gmt":"2021-07-05T05:55:02","slug":"o-przedszkolu-2-2","status":"publish","type":"page","link":"https:\/\/przedszkole41.edu.wroclaw.pl\/index.php\/o-przedszkolu-2-2\/","title":{"rendered":"O przedszkolu"},"content":{"rendered":"<div class=\"wpb-content-wrapper\"><p>[vc_row][vc_column][vc_column_text]<span style=\"font-size: 14pt;\">Przedszkole nr 41 im. Jana Paw\u0142a II zlokalizowane jest w dzielnicy Stare Miasto, w miejscu bardzo dobrze skomunikowanym z ca\u0142ym miastem. Jest to jednopi\u0119trowy wolnostoj\u0105cy budynek otoczony obszernym zadrzewionym placem zabaw zapewniaj\u0105cym dzieciom mi\u0142y wypoczynek i rozw\u00f3j sprawno\u015bci ruchowych na \u015bwie\u017cym powietrzu.<\/span><\/p>\n<p><span style=\"font-size: 14pt;\">Czynne od poniedzia\u0142ku do pi\u0105tku w godzinach 6:30 \u2013 17:00.<\/span><\/p>\n<p><span style=\"font-size: 14pt;\">Organem prowadz\u0105cym jest Gmina Wroc\u0142aw.<\/span><\/p>\n<p><span style=\"font-size: 14pt;\">Nadz\u00f3r pedagogiczny sprawuje Dolno\u015bl\u0105skie Kuratorium O\u015bwiaty.<\/span><\/p>\n<p><span style=\"font-size: 14pt;\">Przedszkole jest plac\u00f3wk\u0105 pi\u0119ciooddzia\u0142ow\u0105, doskonale wyposa\u017con\u0105, wszystkie sale posiadaj\u0105 klimatyzacj\u0119. Ka\u017cdy oddzia\u0142 ma swoj\u0105 nazw\u0119, s\u0105 w\u015br\u00f3d nich: Gwiazdeczki, Ob\u0142oczki, Promyczki, \u015anie\u017cynki, Kropelki.<\/span><\/p>\n<p><span style=\"font-size: 14pt;\">Zaplecze kuchenne wyposa\u017cone jest w piec konwekcyjny pozwalaj\u0105cy na urozmaicanie zdrowego \u017cywienia dzieci.<\/span><\/p>\n<p><span style=\"font-size: 14pt;\">Plac\u00f3wka zapewnia wszechstronny, bezpieczny i radosny rozw\u00f3j w przyjaznej atmosferze. Identyfikuje potrzeby i mo\u017cliwo\u015bci rozwojowe, predyspozycje i uzdolnienia wszystkich swoich wychowank\u00f3w.<\/span><\/p>\n<p><span style=\"font-size: 14pt;\">Kadra pedagogiczna zapewnia wsparcie dzieciom ze szczeg\u00f3lnymi potrzebami edukacyjnymi. Tworzy warunki do nabywania przez dzieci wiadomo\u015bci i umiej\u0119tno\u015bci, kt\u00f3rych celem jest osi\u0105gni\u0119cie gotowo\u015bci do podj\u0119cia nauki w szkole. Promuje zachowania przyjazne zdrowiu, przyrodzie, a tak\u017ce buduje poczucie to\u017csamo\u015bci regionalnej i narodowej. Wspiera dzia\u0142ania wychowawcze i edukacyjne rodzic\u00f3w w\u0142\u0105czaj\u0105c ich do aktywnego uczestnictwa w \u017cyciu przedszkola. Buduje sw\u00f3j wizerunek, jako plac\u00f3wki przyjaznej dzieciom i rodzicom oraz \u015brodowisku lokalnemu.<\/span>[\/vc_column_text][\/vc_column][\/vc_row][vc_row][vc_column][vc_empty_space][vc_column_text]<\/p>\n<p style=\"font-weight: 400;\"><strong><span style=\"font-size: 14pt;\">Aby poszerzy\u0107 zainteresowania przedszkolak\u00f3w w naszych dzia\u0142aniach z dzie\u0107mi korzystamy z oferty miasta a tak\u017ce r\u00f3\u017cnych instytucji, fundacji i stowarzysze\u0144.<\/span><\/strong><\/p>\n<p style=\"font-weight: 400;\"><img loading=\"lazy\" decoding=\"async\" class=\"alignnone size-full wp-image-753\" src=\"https:\/\/przedszkole41.edu.wroclaw.pl\/wp-content\/uploads\/sites\/19\/2021\/07\/Obraz9.png\" alt=\"Ziemo-Vit NZOZ O\u015brodek Medyczny\" width=\"180\" height=\"87\"><img loading=\"lazy\" decoding=\"async\" class=\"alignnone size-full wp-image-754\" src=\"https:\/\/przedszkole41.edu.wroclaw.pl\/wp-content\/uploads\/sites\/19\/2021\/07\/Obraz7.png\" alt=\"Akademia muzyczna\" width=\"139\" height=\"125\"><img loading=\"lazy\" decoding=\"async\" class=\"alignnone size-full wp-image-755\" src=\"https:\/\/przedszkole41.edu.wroclaw.pl\/wp-content\/uploads\/sites\/19\/2021\/07\/Obraz5.png\" alt=\"Fundacja Kolorowe Dni\" width=\"226\" height=\"97\"><img loading=\"lazy\" decoding=\"async\" class=\"alignnone size-medium wp-image-756\" src=\"https:\/\/przedszkole41.edu.wroclaw.pl\/wp-content\/uploads\/sites\/19\/2021\/07\/Obraz1-300x146.png\" alt=\"Wroc\u0142awska edukacja\" width=\"300\" height=\"146\" srcset=\"https:\/\/przedszkole41.edu.wroclaw.pl\/wp-content\/uploads\/sites\/19\/2021\/07\/Obraz1-300x146.png 300w, https:\/\/przedszkole41.edu.wroclaw.pl\/wp-content\/uploads\/sites\/19\/2021\/07\/Obraz1.png 338w\" sizes=\"auto, (max-width: 300px) 100vw, 300px\" \/><img loading=\"lazy\" decoding=\"async\" class=\"alignnone size-full wp-image-757\" src=\"https:\/\/przedszkole41.edu.wroclaw.pl\/wp-content\/uploads\/sites\/19\/2021\/07\/Obraz3.png\" alt=\"MDK Fabryczna\" width=\"128\" height=\"102\"><img loading=\"lazy\" decoding=\"async\" class=\"alignnone size-full wp-image-758\" src=\"https:\/\/przedszkole41.edu.wroclaw.pl\/wp-content\/uploads\/sites\/19\/2021\/07\/Obraz10.png\" alt=\"Rodzina Szk\u00f3\u0142 im. Jana Paw\u0142a II\" width=\"127\" height=\"109\"><img loading=\"lazy\" decoding=\"async\" class=\"alignnone size-full wp-image-759\" src=\"https:\/\/przedszkole41.edu.wroclaw.pl\/wp-content\/uploads\/sites\/19\/2021\/07\/Obraz8.png\" alt=\"Wroc\u0142awskie Centrum Seniora\" width=\"151\" height=\"112\"><img loading=\"lazy\" decoding=\"async\" class=\"alignnone size-full wp-image-760\" src=\"https:\/\/przedszkole41.edu.wroclaw.pl\/wp-content\/uploads\/sites\/19\/2021\/07\/Obraz6.png\" alt=\"Narodowe Forum Muzyki\" width=\"134\" height=\"110\"><img loading=\"lazy\" decoding=\"async\" class=\"alignnone size-full wp-image-762\" src=\"https:\/\/przedszkole41.edu.wroclaw.pl\/wp-content\/uploads\/sites\/19\/2021\/07\/Obraz2.png\" alt=\"Poradnia Psychologiczno-Pedagogiczna nr 1\" width=\"130\" height=\"97\"><img loading=\"lazy\" decoding=\"async\" class=\"alignnone size-medium wp-image-763\" src=\"https:\/\/przedszkole41.edu.wroclaw.pl\/wp-content\/uploads\/sites\/19\/2021\/07\/Wspaniali2-300x167.jpg\" alt=\"Mali wspaniali\" width=\"300\" height=\"167\" srcset=\"https:\/\/przedszkole41.edu.wroclaw.pl\/wp-content\/uploads\/sites\/19\/2021\/07\/Wspaniali2-300x167.jpg 300w, https:\/\/przedszkole41.edu.wroclaw.pl\/wp-content\/uploads\/sites\/19\/2021\/07\/Wspaniali2-1024x569.jpg 1024w, https:\/\/przedszkole41.edu.wroclaw.pl\/wp-content\/uploads\/sites\/19\/2021\/07\/Wspaniali2-768x427.jpg 768w, https:\/\/przedszkole41.edu.wroclaw.pl\/wp-content\/uploads\/sites\/19\/2021\/07\/Wspaniali2-600x333.jpg 600w, https:\/\/przedszkole41.edu.wroclaw.pl\/wp-content\/uploads\/sites\/19\/2021\/07\/Wspaniali2.jpg 1260w\" sizes=\"auto, (max-width: 300px) 100vw, 300px\" \/><img loading=\"lazy\" decoding=\"async\" class=\"alignnone wp-image-761\" src=\"https:\/\/przedszkole41.edu.wroclaw.pl\/wp-content\/uploads\/sites\/19\/2021\/07\/Obraz4.png\" alt=\"Wroc\u0142aw - Szczepin\" width=\"108\" height=\"90\"><\/p>\n<p>[\/vc_column_text][\/vc_column][\/vc_row]<\/p>\n<\/div>","protected":false},"excerpt":{"rendered":"<p>[vc_row][vc_column][vc_column_text]Przedszkole nr 41 im. Jana Paw\u0142a II zlokalizowane jest w dzielnicy Stare Miasto, w miejscu bardzo dobrze skomunikowanym z ca\u0142ym miastem. Jest to jednopi\u0119trowy wolnostoj\u0105cy budynek otoczony obszernym zadrzewionym placem [&hellip;]<\/p>\n","protected":false},"author":72,"featured_media":0,"parent":0,"menu_order":0,"comment_status":"closed","ping_status":"closed","template":"","meta":{"ngg_post_thumbnail":0,"footnotes":""},"class_list":["post-749","page","type-page","status-publish","hentry","clearfix"],"_links":{"self":[{"href":"https:\/\/przedszkole41.edu.wroclaw.pl\/index.php\/wp-json\/wp\/v2\/pages\/749","targetHints":{"allow":["GET"]}}],"collection":[{"href":"https:\/\/przedszkole41.edu.wroclaw.pl\/index.php\/wp-json\/wp\/v2\/pages"}],"about":[{"href":"https:\/\/przedszkole41.edu.wroclaw.pl\/index.php\/wp-json\/wp\/v2\/types\/page"}],"author":[{"embeddable":true,"href":"https:\/\/przedszkole41.edu.wroclaw.pl\/index.php\/wp-json\/wp\/v2\/users\/72"}],"replies":[{"embeddable":true,"href":"https:\/\/przedszkole41.edu.wroclaw.pl\/index.php\/wp-json\/wp\/v2\/comments?post=749"}],"version-history":[{"count":8,"href":"https:\/\/przedszkole41.edu.wroclaw.pl\/index.php\/wp-json\/wp\/v2\/pages\/749\/revisions"}],"predecessor-version":[{"id":778,"href":"https:\/\/przedszkole41.edu.wroclaw.pl\/index.php\/wp-json\/wp\/v2\/pages\/749\/revisions\/778"}],"wp:attachment":[{"href":"https:\/\/przedszkole41.edu.wroclaw.pl\/index.php\/wp-json\/wp\/v2\/media?parent=749"}],"curies":[{"name":"wp","href":"https:\/\/api.w.org\/{rel}","templated":true}]}}