
{"id":646,"date":"2021-06-30T15:44:40","date_gmt":"2021-06-30T13:44:40","guid":{"rendered":"https:\/\/przedszkole41.edu.wroclaw.pl\/?page_id=646"},"modified":"2021-07-06T13:21:41","modified_gmt":"2021-07-06T11:21:41","slug":"rada-rodzicow","status":"publish","type":"page","link":"https:\/\/przedszkole41.edu.wroclaw.pl\/index.php\/dla-rodzicow\/rada-rodzicow\/","title":{"rendered":"Rada Rodzic\u00f3w"},"content":{"rendered":"<p><span style=\"font-size: 14pt;\">Rada Rodzic\u00f3w jest organem spo\u0142ecznie dzia\u0142aj\u0105cym na rzecz przedszkola, wspieraj\u0105cym jego dzia\u0142alno\u015b\u0107 statutow\u0105, stanowi\u0105cym reprezentacj\u0119 rodzic\u00f3w wszystkich wychowank\u00f3w.<\/span><\/p>\n<p><span style=\"font-size: 14pt;\">Rada Rodzic\u00f3w funkcjonuje w oparciu o uchwalony przez siebie Regulamin, kt\u00f3ry nie mo\u017ce by\u0107 sprzeczny ze Statutem przedszkola.<\/span><\/p>\n<p><span style=\"font-size: 14pt;\"><strong>NUMER KONTA RADY RODZIC\u00d3W&nbsp;&nbsp; 07 1240 6768 1111 0010 3924 4481<\/strong><\/span><\/p>\n<p><span style=\"font-size: 14pt;\">Z funduszy Rady Rodzic\u00f3w op\u0142acane s\u0105 materia\u0142y plastyczne dla dzieci, nagrody, upominki, paczki miko\u0142ajowe, wycieczki, wyj\u015bcia, autokary, koncerty muzyczne, warsztaty i inne wydarzenia.<\/span><\/p>\n","protected":false},"excerpt":{"rendered":"<p>Rada Rodzic\u00f3w jest organem spo\u0142ecznie dzia\u0142aj\u0105cym na rzecz przedszkola, wspieraj\u0105cym jego dzia\u0142alno\u015b\u0107 statutow\u0105, stanowi\u0105cym reprezentacj\u0119 rodzic\u00f3w wszystkich wychowank\u00f3w. Rada Rodzic\u00f3w funkcjonuje w oparciu o uchwalony przez siebie Regulamin, kt\u00f3ry nie [&hellip;]<\/p>\n","protected":false},"author":72,"featured_media":0,"parent":38,"menu_order":0,"comment_status":"closed","ping_status":"closed","template":"","meta":{"ngg_post_thumbnail":0,"footnotes":""},"class_list":["post-646","page","type-page","status-publish","hentry","clearfix"],"_links":{"self":[{"href":"https:\/\/przedszkole41.edu.wroclaw.pl\/index.php\/wp-json\/wp\/v2\/pages\/646","targetHints":{"allow":["GET"]}}],"collection":[{"href":"https:\/\/przedszkole41.edu.wroclaw.pl\/index.php\/wp-json\/wp\/v2\/pages"}],"about":[{"href":"https:\/\/przedszkole41.edu.wroclaw.pl\/index.php\/wp-json\/wp\/v2\/types\/page"}],"author":[{"embeddable":true,"href":"https:\/\/przedszkole41.edu.wroclaw.pl\/index.php\/wp-json\/wp\/v2\/users\/72"}],"replies":[{"embeddable":true,"href":"https:\/\/przedszkole41.edu.wroclaw.pl\/index.php\/wp-json\/wp\/v2\/comments?post=646"}],"version-history":[{"count":2,"href":"https:\/\/przedszkole41.edu.wroclaw.pl\/index.php\/wp-json\/wp\/v2\/pages\/646\/revisions"}],"predecessor-version":[{"id":824,"href":"https:\/\/przedszkole41.edu.wroclaw.pl\/index.php\/wp-json\/wp\/v2\/pages\/646\/revisions\/824"}],"up":[{"embeddable":true,"href":"https:\/\/przedszkole41.edu.wroclaw.pl\/index.php\/wp-json\/wp\/v2\/pages\/38"}],"wp:attachment":[{"href":"https:\/\/przedszkole41.edu.wroclaw.pl\/index.php\/wp-json\/wp\/v2\/media?parent=646"}],"curies":[{"name":"wp","href":"https:\/\/api.w.org\/{rel}","templated":true}]}}