
{"id":644,"date":"2021-06-30T15:44:26","date_gmt":"2021-06-30T13:44:26","guid":{"rendered":"https:\/\/przedszkole41.edu.wroclaw.pl\/?page_id=644"},"modified":"2025-05-27T14:41:52","modified_gmt":"2025-05-27T12:41:52","slug":"ramowy-rozklad-dnia","status":"publish","type":"page","link":"https:\/\/przedszkole41.edu.wroclaw.pl\/index.php\/dla-rodzicow\/ramowy-rozklad-dnia\/","title":{"rendered":"Rozk\u0142ad dnia"},"content":{"rendered":"<div class=\"wpb-content-wrapper\"><p>[vc_row][vc_column][vc_column_text css=&#8221;&#8221;]<\/p>\n<p style=\"text-align: center;\"><span style=\"font-size: 18pt;\"><strong>Ramowy rozk\u0142ad dnia <\/strong><\/span><\/p>\n<p>&nbsp;<\/p>\n<p><span style=\"font-size: 14pt;\"><strong>6:30 \u2013 8:20<\/strong> &#8211; SCHODZENIE SI\u0118 DZIECI, ZABAWY SWOBODNE, ZAJ\u0118CIA INDYWIDUALNE WSPIERAJ\u0104CE ROZW\u00d3J DZIECKA.<\/span><\/p>\n<p><span style=\"font-size: 14pt;\"><strong>8:00<\/strong> &#8211; ZABAWY RUCHOWE, \u0106WICZENIA I ZABAWY PORANNE, CZYNNO\u015aCI SAMOOBS\u0141UGOWE W \u0141AZIENCE, PRZYGOTOWANIE DO \u015aNIADANIA.<\/span><\/p>\n<p><span style=\"font-size: 14pt;\"><strong>8:30<\/strong> \u2013 <strong>I POSI\u0141EK \u2013 \u015aNIADANIE.<\/strong><\/span><\/p>\n<p><span style=\"font-size: 14pt;\"><strong>&nbsp;<\/strong><strong>9:00<\/strong> <strong>&#8211; ZAJ\u0118CIA DYDAKTYCZNE:<\/strong><\/span><\/p>\n<ul>\n<li><span style=\"font-size: 14pt;\">zaj\u0119cia inspirowane przez nauczyciela celem wspierania rozwoju dzieci w obszarze spo\u0142ecznym, poznawczym, fizycznym i emocjonalnym,<\/span><\/li>\n<li><span style=\"font-size: 14pt;\">zabawy ruchowe, zaj\u0119cia z j\u0119zyka angielskiego i umuzykalniaj\u0105ce,<\/span><\/li>\n<li><span style=\"font-size: 14pt;\">zaj\u0119cia z religii dla dzieci, organizowane na \u017cyczenie rodzic\u00f3w,<\/span><\/li>\n<li><span style=\"font-size: 14pt;\">zaj\u0119cia specjalistyczne: logopedyczne, zaj\u0119cia z psychologiem, zaj\u0119cia z pedagogiem, zaj\u0119cia z terapeut\u0105 pedagogicznym, zaj\u0119cia muzyczne i gimnastyka og\u00f3lnorozwojowa.<\/span><\/li>\n<\/ul>\n<p><span style=\"font-size: 14pt;\"><strong>&nbsp;<\/strong><strong>10:00<\/strong> &#8211; ZABAWY SWOBODNE W SALI WED\u0141UG ZAINTERESOWA\u0143 DZIECI, SPACERY, WYCIECZKI, ZABAWY NA TERENIE OGRODU PRZEDSZKOLNEGO.<\/span><\/p>\n<p><span style=\"font-size: 14pt;\"><strong>&nbsp;<\/strong><strong>11:00<\/strong> &#8211; CZYNNO\u015aCI SAMOOBS\u0141UGOWE W \u0141AZIENCE, ZABAWY RUCHOWE, PRZYGOTOWANIE DO POSI\u0141KU.<\/span><\/p>\n<p><span style=\"font-size: 14pt;\"><strong>11:30<\/strong> \u2013 <strong>II POSI\u0141EK<\/strong><strong>: ZUPA i II \u015aNIADANIE.<\/strong><\/span><\/p>\n<p><span style=\"font-size: 14pt;\"><strong>12:00<\/strong> \u2013 ODPOCZYNEK W GRUPIE TRZYLATK\u00d3W, POZOSTA\u0141E GRUPY: ZABAWY RELAKSACYJNE W SALI LUB W OGRODZIE PRZEDSZKOLNYM, ZAJ\u0118CIA ROZWIJAJ\u0104CE ZAINTERESOWANIA, PRACA INDYWIDUALNA, PRZYGOTOWANIE DO POSI\u0141KU.<\/span><\/p>\n<p><span style=\"font-size: 14pt;\"><strong>14:00<\/strong> \u2013 <strong>III POSI\u0141EK: OBIAD &#8211; DRUGIE DANIE.<\/strong><\/span><\/p>\n<p><span style=\"font-size: 14pt;\"><strong>&nbsp;<\/strong><strong>14:30 \u2013 17:00<\/strong> &#8211; ZAJ\u0118CIA I ZABAWY KIEROWANE I NIEKIEROWANE W K\u0104CIKACH ZAINTERESOWA\u0143 W SALI LUB W OGRODZIE PRZEDSZKOLNYM, ZAJ\u0118CIA INDYWIDUALNE WSPIERAJ\u0104CE ROZW\u00d3J DZIECKA, ROZCHODZENIE SI\u0118 DZIECI.<\/span>[\/vc_column_text][\/vc_column][\/vc_row]<\/p>\n<\/div>","protected":false},"excerpt":{"rendered":"<p>[vc_row][vc_column][vc_column_text css=&#8221;&#8221;] Ramowy rozk\u0142ad dnia &nbsp; 6:30 \u2013 8:20 &#8211; SCHODZENIE SI\u0118 DZIECI, ZABAWY SWOBODNE, ZAJ\u0118CIA INDYWIDUALNE WSPIERAJ\u0104CE ROZW\u00d3J DZIECKA. 8:00 &#8211; ZABAWY RUCHOWE, \u0106WICZENIA I ZABAWY PORANNE, CZYNNO\u015aCI SAMOOBS\u0141UGOWE [&hellip;]<\/p>\n","protected":false},"author":72,"featured_media":0,"parent":38,"menu_order":0,"comment_status":"closed","ping_status":"closed","template":"","meta":{"ngg_post_thumbnail":0,"footnotes":""},"class_list":["post-644","page","type-page","status-publish","hentry","clearfix"],"_links":{"self":[{"href":"https:\/\/przedszkole41.edu.wroclaw.pl\/index.php\/wp-json\/wp\/v2\/pages\/644","targetHints":{"allow":["GET"]}}],"collection":[{"href":"https:\/\/przedszkole41.edu.wroclaw.pl\/index.php\/wp-json\/wp\/v2\/pages"}],"about":[{"href":"https:\/\/przedszkole41.edu.wroclaw.pl\/index.php\/wp-json\/wp\/v2\/types\/page"}],"author":[{"embeddable":true,"href":"https:\/\/przedszkole41.edu.wroclaw.pl\/index.php\/wp-json\/wp\/v2\/users\/72"}],"replies":[{"embeddable":true,"href":"https:\/\/przedszkole41.edu.wroclaw.pl\/index.php\/wp-json\/wp\/v2\/comments?post=644"}],"version-history":[{"count":9,"href":"https:\/\/przedszkole41.edu.wroclaw.pl\/index.php\/wp-json\/wp\/v2\/pages\/644\/revisions"}],"predecessor-version":[{"id":3106,"href":"https:\/\/przedszkole41.edu.wroclaw.pl\/index.php\/wp-json\/wp\/v2\/pages\/644\/revisions\/3106"}],"up":[{"embeddable":true,"href":"https:\/\/przedszkole41.edu.wroclaw.pl\/index.php\/wp-json\/wp\/v2\/pages\/38"}],"wp:attachment":[{"href":"https:\/\/przedszkole41.edu.wroclaw.pl\/index.php\/wp-json\/wp\/v2\/media?parent=644"}],"curies":[{"name":"wp","href":"https:\/\/api.w.org\/{rel}","templated":true}]}}