
{"id":512,"date":"2021-06-29T08:07:46","date_gmt":"2021-06-29T06:07:46","guid":{"rendered":"https:\/\/przedszkole41.edu.wroclaw.pl\/?page_id=512"},"modified":"2025-01-30T21:08:05","modified_gmt":"2025-01-30T20:08:05","slug":"jezyk-angielski","status":"publish","type":"page","link":"https:\/\/przedszkole41.edu.wroclaw.pl\/index.php\/jezyk-angielski\/","title":{"rendered":"J\u0119zyk angielski"},"content":{"rendered":"<h2>Na tej stronie b\u0119dziemy umieszcza\u0107 materia\u0142y pomagaj\u0105ce w nauce j\u0119zyka angielskiego w domu. Wi\u0119kszo\u015b\u0107 z nich realizujemy na zaj\u0119ciach w przedszkolu.<\/h2>\n<h2>Oto ulubiona bajka naszych przedszkolak\u00f3w, czyli &#8222;Muzzy in Gondoland&#8221;. Jest to bardzo stara produkcj\u0105 (dlatego te\u017c obraz i d\u017awi\u0119k s\u0105 do\u015b\u0107 niskiej jako\u015bci) zaskakuj\u0105co skuteczna w nauce j\u0119zyka. W kolejnych filmikach znajdziemy 6 odcink\u00f3w, kt\u00f3re b\u0119d\u0105 realizowane w ci\u0105gu roku szkolnego.<\/h2>\n<h2>&#8222;Muzzy in Gondoland&#8221; &#8211; odcinek 1<\/h2>\n<p><iframe loading=\"lazy\" title=\"Muzzy in Gondoland 01\" width=\"500\" height=\"281\" src=\"https:\/\/www.youtube.com\/embed\/guvtJDi8t-U?list=PLSV0vsgFaay-nvySnlQ8AeVxmGNTAuyVk\" frameborder=\"0\" allow=\"accelerometer; autoplay; clipboard-write; encrypted-media; gyroscope; picture-in-picture; web-share\" referrerpolicy=\"strict-origin-when-cross-origin\" allowfullscreen><\/iframe><\/p>\n<p>&nbsp;<\/p>\n<h2>&#8222;Muzzy in Gondoland&#8221; &#8211; odcinek 2<\/h2>\n<p><iframe loading=\"lazy\" title=\"Muzzy in Gondoland 02\" width=\"500\" height=\"281\" src=\"https:\/\/www.youtube.com\/embed\/HrWHEXeElNY?list=PLSV0vsgFaay-nvySnlQ8AeVxmGNTAuyVk\" frameborder=\"0\" allow=\"accelerometer; autoplay; clipboard-write; encrypted-media; gyroscope; picture-in-picture; web-share\" referrerpolicy=\"strict-origin-when-cross-origin\" allowfullscreen><\/iframe><\/p>\n<p>&nbsp;<\/p>\n<h2>&#8222;Muzzy in Gondoland&#8221; &#8211; odcinek 3<\/h2>\n<p><iframe loading=\"lazy\" title=\"Muzzy in Gondoland 03\" width=\"500\" height=\"281\" src=\"https:\/\/www.youtube.com\/embed\/otMd6TkuoSg?list=PLSV0vsgFaay-nvySnlQ8AeVxmGNTAuyVk\" frameborder=\"0\" allow=\"accelerometer; autoplay; clipboard-write; encrypted-media; gyroscope; picture-in-picture; web-share\" referrerpolicy=\"strict-origin-when-cross-origin\" allowfullscreen><\/iframe><\/p>\n<p>&nbsp;<\/p>\n<h2>&#8222;Muzzy in Gondoland&#8221; &#8211; odcinek 4<\/h2>\n<p><iframe loading=\"lazy\" title=\"Muzzy in Gondoland 04\" width=\"500\" height=\"281\" src=\"https:\/\/www.youtube.com\/embed\/cnN9Cb3NSp8?list=PLSV0vsgFaay-nvySnlQ8AeVxmGNTAuyVk\" frameborder=\"0\" allow=\"accelerometer; autoplay; clipboard-write; encrypted-media; gyroscope; picture-in-picture; web-share\" referrerpolicy=\"strict-origin-when-cross-origin\" allowfullscreen><\/iframe><\/p>\n<p>&nbsp;<\/p>\n<h2>&#8222;Muzzy in Gondoland&#8221; &#8211; odcinek 5<\/h2>\n<p><iframe loading=\"lazy\" title=\"Muzzy in Gondoland 05\" width=\"500\" height=\"281\" src=\"https:\/\/www.youtube.com\/embed\/q5RydaehcOs?list=PLSV0vsgFaay-nvySnlQ8AeVxmGNTAuyVk\" frameborder=\"0\" allow=\"accelerometer; autoplay; clipboard-write; encrypted-media; gyroscope; picture-in-picture; web-share\" referrerpolicy=\"strict-origin-when-cross-origin\" allowfullscreen><\/iframe><\/p>\n<p>&nbsp;<\/p>\n<h2>&#8222;Muzzy in Gondoland&#8221; &#8211; odcinek 6<\/h2>\n<p><iframe loading=\"lazy\" title=\"Muzzy in Gondoland 06\" width=\"500\" height=\"281\" src=\"https:\/\/www.youtube.com\/embed\/QBkS2kppIFs?list=PLSV0vsgFaay-nvySnlQ8AeVxmGNTAuyVk\" frameborder=\"0\" allow=\"accelerometer; autoplay; clipboard-write; encrypted-media; gyroscope; picture-in-picture; web-share\" referrerpolicy=\"strict-origin-when-cross-origin\" allowfullscreen><\/iframe><\/p>\n<p>&nbsp;<\/p>\n<h2>&#8222;Muzzy in Gondoland&#8221; &#8211; tutaj jest film o Muzzy z poprawion\u0105 jako\u015bci\u0105, ale niestety wszystkie odcinki po\u0142\u0105czone s\u0105 w jedn\u0105 ca\u0142o\u015b\u0107<\/h2>\n<p><iframe loading=\"lazy\" title=\"Muzzy in Gondoland (HD) (The Complete Series) | Original version - \u0411\u0435\u0437 \u043f\u0435\u0440\u0435\u0432\u043e\u0434\u0430\" width=\"500\" height=\"375\" src=\"https:\/\/www.youtube.com\/embed\/I37t3FDLZFM?feature=oembed\" frameborder=\"0\" allow=\"accelerometer; autoplay; clipboard-write; encrypted-media; gyroscope; picture-in-picture; web-share\" referrerpolicy=\"strict-origin-when-cross-origin\" allowfullscreen><\/iframe><\/p>\n<p>&nbsp;<\/p>\n<h2>W kolejnych dw\u00f3ch filmikach s\u0105 piosenki o kolorach, kt\u00f3re dzieci mog\u0105 odszukiwa\u0107 w obrazkach.<\/h2>\n<p><iframe loading=\"lazy\" title=\"I See Something Blue | Colors Song for Children | Super Simple Songs\" width=\"500\" height=\"281\" src=\"https:\/\/www.youtube.com\/embed\/jYAWf8Y91hA?feature=oembed\" frameborder=\"0\" allow=\"accelerometer; autoplay; clipboard-write; encrypted-media; gyroscope; picture-in-picture; web-share\" referrerpolicy=\"strict-origin-when-cross-origin\" allowfullscreen><\/iframe><\/p>\n<p><iframe loading=\"lazy\" title=\"I See Something Pink | Colors Song for Children | Super Simple Songs\" width=\"500\" height=\"281\" src=\"https:\/\/www.youtube.com\/embed\/Asb8N0nz9OI?feature=oembed\" frameborder=\"0\" allow=\"accelerometer; autoplay; clipboard-write; encrypted-media; gyroscope; picture-in-picture; web-share\" referrerpolicy=\"strict-origin-when-cross-origin\" allowfullscreen><\/iframe><\/p>\n<h2><\/h2>\n<h2>&#8222;Are you hungry&#8221; &#8211; piosenka ucz\u0105ca zwrotu &#8222;czy jeste\u015b g\u0142odny?&#8221; i nazw wybranych owoc\u00f3w.<\/h2>\n<p><iframe loading=\"lazy\" title=\"Are You Hungry? | Kids Songs | Super Simple Songs\" width=\"500\" height=\"281\" src=\"https:\/\/www.youtube.com\/embed\/ykTR0uFGwE0?feature=oembed\" frameborder=\"0\" allow=\"accelerometer; autoplay; clipboard-write; encrypted-media; gyroscope; picture-in-picture; web-share\" referrerpolicy=\"strict-origin-when-cross-origin\" allowfullscreen><\/iframe><\/p>\n<p>&nbsp;<\/p>\n<h2>&#8222;Put on your shoes&#8221; &#8211; jedna z ulubionych piosenek dzieci.<\/h2>\n<p><iframe loading=\"lazy\" title=\"Put On Your Shoes | Clothing and Routines Song for Kids | Super Simple Songs\" width=\"500\" height=\"281\" src=\"https:\/\/www.youtube.com\/embed\/-jBfb33_KHU?feature=oembed\" frameborder=\"0\" allow=\"accelerometer; autoplay; clipboard-write; encrypted-media; gyroscope; picture-in-picture; web-share\" referrerpolicy=\"strict-origin-when-cross-origin\" allowfullscreen><\/iframe><\/p>\n<p>&nbsp;<\/p>\n<h2>&#8222;Goodbye snowman&#8221; &#8211; co\u015b na \u015bwi\u0119ta i po \u015bwi\u0119tach.<\/h2>\n<p><iframe loading=\"lazy\" title=\"Goodbye, Snowman | Christmas Song for Kids | Super Simple Songs\" width=\"500\" height=\"281\" src=\"https:\/\/www.youtube.com\/embed\/Nu3R6d54KNo?feature=oembed\" frameborder=\"0\" allow=\"accelerometer; autoplay; clipboard-write; encrypted-media; gyroscope; picture-in-picture; web-share\" referrerpolicy=\"strict-origin-when-cross-origin\" allowfullscreen><\/iframe><\/p>\n<p>&nbsp;<\/p>\n<p>&nbsp;<\/p>\n<p>&nbsp;<\/p>\n","protected":false},"excerpt":{"rendered":"<p>Na tej stronie b\u0119dziemy umieszcza\u0107 materia\u0142y pomagaj\u0105ce w nauce j\u0119zyka angielskiego w domu. Wi\u0119kszo\u015b\u0107 z nich realizujemy na zaj\u0119ciach w przedszkolu. Oto ulubiona bajka naszych przedszkolak\u00f3w, czyli &#8222;Muzzy in Gondoland&#8221;. [&hellip;]<\/p>\n","protected":false},"author":72,"featured_media":0,"parent":0,"menu_order":0,"comment_status":"closed","ping_status":"closed","template":"","meta":{"ngg_post_thumbnail":0,"footnotes":""},"class_list":["post-512","page","type-page","status-publish","hentry","clearfix"],"_links":{"self":[{"href":"https:\/\/przedszkole41.edu.wroclaw.pl\/index.php\/wp-json\/wp\/v2\/pages\/512","targetHints":{"allow":["GET"]}}],"collection":[{"href":"https:\/\/przedszkole41.edu.wroclaw.pl\/index.php\/wp-json\/wp\/v2\/pages"}],"about":[{"href":"https:\/\/przedszkole41.edu.wroclaw.pl\/index.php\/wp-json\/wp\/v2\/types\/page"}],"author":[{"embeddable":true,"href":"https:\/\/przedszkole41.edu.wroclaw.pl\/index.php\/wp-json\/wp\/v2\/users\/72"}],"replies":[{"embeddable":true,"href":"https:\/\/przedszkole41.edu.wroclaw.pl\/index.php\/wp-json\/wp\/v2\/comments?post=512"}],"version-history":[{"count":13,"href":"https:\/\/przedszkole41.edu.wroclaw.pl\/index.php\/wp-json\/wp\/v2\/pages\/512\/revisions"}],"predecessor-version":[{"id":2856,"href":"https:\/\/przedszkole41.edu.wroclaw.pl\/index.php\/wp-json\/wp\/v2\/pages\/512\/revisions\/2856"}],"wp:attachment":[{"href":"https:\/\/przedszkole41.edu.wroclaw.pl\/index.php\/wp-json\/wp\/v2\/media?parent=512"}],"curies":[{"name":"wp","href":"https:\/\/api.w.org\/{rel}","templated":true}]}}