
{"id":44,"date":"2016-02-22T10:17:43","date_gmt":"2016-02-22T09:17:43","guid":{"rendered":"https:\/\/przedszkole41.edu.wroclaw.pl\/?page_id=44"},"modified":"2026-03-16T12:11:57","modified_gmt":"2026-03-16T11:11:57","slug":"konsultacje","status":"publish","type":"page","link":"https:\/\/przedszkole41.edu.wroclaw.pl\/index.php\/dla-rodzicow\/konsultacje\/","title":{"rendered":"Konsultacje"},"content":{"rendered":"<div class=\"wpb-content-wrapper\"><p>[vc_row][vc_column][vc_column_text css=&#8221;&#8221;]<span style=\"font-size: 14pt;\">Konsultacje z rodzicami s\u0105 okazj\u0105 do rozmowy rodzica z nauczycielk\u0105 grupy na temat dziecka, jego post\u0119p\u00f3w, sukces\u00f3w oraz trudno\u015bci dydaktyczno-wychowawczych. Spotkania te s\u0142u\u017c\u0105 wypracowaniu wsp\u00f3lnych kierunk\u00f3w oddzia\u0142ywa\u0144 maj\u0105cych na celu harmonijny rozw\u00f3j dziecka. Zapraszamy serdecznie do korzystania z&nbsp;tej mo\u017cliwo\u015bci.<\/span><\/p>\n<p>&nbsp;<\/p>\n<p><span style=\"font-size: 14pt;\"><strong>KONSULTACJE Z PSYCHOLOGIEM\/PEDAGOGIEM Z PORADNII PSYCHOLOGICZNO-PEDAGOGICZNEJ NR 1 &#8211; SZCZEG\u00d3\u0141OWE INFORMACJE ZNAJDUJ\u0104 SI\u0118 W PODZAK\u0141ADCE POMOC PSYCHOLOGICZNO-PEDAGOGICZNA<\/strong><\/span><\/p>\n<p><span style=\"font-size: 14pt;\"><strong>&nbsp;<\/strong><\/span>[\/vc_column_text][vc_empty_space][\/vc_column][\/vc_row]<\/p>\n<\/div>","protected":false},"excerpt":{"rendered":"<p>[vc_row][vc_column][vc_column_text css=&#8221;&#8221;]Konsultacje z rodzicami s\u0105 okazj\u0105 do rozmowy rodzica z nauczycielk\u0105 grupy na temat dziecka, jego post\u0119p\u00f3w, sukces\u00f3w oraz trudno\u015bci dydaktyczno-wychowawczych. Spotkania te s\u0142u\u017c\u0105 wypracowaniu wsp\u00f3lnych kierunk\u00f3w oddzia\u0142ywa\u0144 maj\u0105cych na [&hellip;]<\/p>\n","protected":false},"author":15,"featured_media":0,"parent":38,"menu_order":0,"comment_status":"closed","ping_status":"closed","template":"","meta":{"ngg_post_thumbnail":0,"footnotes":""},"class_list":["post-44","page","type-page","status-publish","hentry","clearfix"],"_links":{"self":[{"href":"https:\/\/przedszkole41.edu.wroclaw.pl\/index.php\/wp-json\/wp\/v2\/pages\/44","targetHints":{"allow":["GET"]}}],"collection":[{"href":"https:\/\/przedszkole41.edu.wroclaw.pl\/index.php\/wp-json\/wp\/v2\/pages"}],"about":[{"href":"https:\/\/przedszkole41.edu.wroclaw.pl\/index.php\/wp-json\/wp\/v2\/types\/page"}],"author":[{"embeddable":true,"href":"https:\/\/przedszkole41.edu.wroclaw.pl\/index.php\/wp-json\/wp\/v2\/users\/15"}],"replies":[{"embeddable":true,"href":"https:\/\/przedszkole41.edu.wroclaw.pl\/index.php\/wp-json\/wp\/v2\/comments?post=44"}],"version-history":[{"count":20,"href":"https:\/\/przedszkole41.edu.wroclaw.pl\/index.php\/wp-json\/wp\/v2\/pages\/44\/revisions"}],"predecessor-version":[{"id":3574,"href":"https:\/\/przedszkole41.edu.wroclaw.pl\/index.php\/wp-json\/wp\/v2\/pages\/44\/revisions\/3574"}],"up":[{"embeddable":true,"href":"https:\/\/przedszkole41.edu.wroclaw.pl\/index.php\/wp-json\/wp\/v2\/pages\/38"}],"wp:attachment":[{"href":"https:\/\/przedszkole41.edu.wroclaw.pl\/index.php\/wp-json\/wp\/v2\/media?parent=44"}],"curies":[{"name":"wp","href":"https:\/\/api.w.org\/{rel}","templated":true}]}}